k) = -51*k**2 + 555*k + 55. Determine n(11).
-11
Let u(r) = -3*r**3 - 52*r**2 - 124*r + 155. What is u(-14)?
-69
Let u(p) = 27*p**2 + 3009*p - 1772. Give u(-112).
-92
Let m(d) = -1103*d + 7840. What is m(7)?
119
Let o(x) = 140*x - 25336. What is o(181)?
4
Let g(p) = -10*p**3 - 12*p**2 - 31*p + 154. Give g(-5).
1259
Let p(n) = -3*n**3 - 11*n**2 + 17*n + 94. Give p(-5).
109
Let d(p) = p**3 + 2*p**2 + 45*p + 280. Determine d(-10).
-970
Let l(h) = -h**3 + 42*h**2 - 223*h + 2666. What is l(38)?
-32
Let b(t) = -4*t**3 + 32*t**2 + 616*t - 5326. What is b(11)?
-2
Let d(w) = -3*w**2 + 1432*w + 233865. Give d(606).
-51
Let k(i) = -4*i**2 - 294*i - 673. Determine k(-71).
37
Let m(k) = 493*k + 49365. Give m(-100).
65
Let i(r) = 96*r**3 + 22*r**2 - 211*r - 523. What is i(-2)?
-781
Let y(o) = -4021*o + 152800. What is y(38)?
2
Let r(y) = -35*y**2 - 1480*y - 683. Determine r(-42).
-263
Let b(u) = -3424*u + 3078176. Give b(899).
0
Let y(j) = -30979*j - 154874. Calculate y(-5).
21
Let s(o) = -48247*o - 1833392. Calculate s(-38).
-6
Let o(q) = 7*q**3 + 1981*q**2 - 8*q - 2278. Give o(-283).
-14
Let v(g) = 6*g**3 - 292*g**2 - 79*g - 1004. Give v(49).
-73
Let k(u) = -7679*u + 107506. Give k(14).
0
Let q(r) = -299*r + 8590. What is q(23)?
1713
Let w(j) = -2006*j + 28218. Calculate w(14).
134
Let t(r) = -2*r**2 - 637*r - 10228. Calculate t(-17).
23
Let t(a) = -2146*a + 29983. What is t(14)?
-61
Let x(i) = 5*i**2 - 189*i - 167. Determine x(28).
-1539
Let r(t) = t**3 - 22*t**2 + 226*t - 2084. Calculate r(16).
-4
Let x(g) = 12*g - 650. What is x(33)?
-254
Let r(l) = -6105*l + 256533. Calculate r(42).
123
Let b(v) = 18363*v - 91341. Determine b(5).
474
Let y(m) = m**3 + 14*m**2 + 24*m + 95. What is y(-20)?
-2785
Let k(n) = 3369*n**2 - 50511*n - 357. What is k(15)?
3
Let j(i) = 8*i**3 + 42*i**2 + 80*i + 329. What is j(-5)?
-21
Let y(p) = -6616*p - 191846. Calculate y(-29).
18
Let d(a) = 1532*a - 120694. Determine d(79).
334
Let o(r) = 29*r**2 - 7964*r + 43866. What is o(269)?
19
Let d(i) = i**3 + 159*i**2 + 1361*i + 1694. What is d(-150)?
44
Let q(j) = 36*j**2 - 681*j + 3090. Calculate q(7).
87
Let k(h) = -6137*h - 141171. Give k(-23).
-20
Let n(j) = -j**3 - 293*j**2 + 339*j + 12779. Determine n(-294).
-451
Let p(k) = 2*k**3 + 9*k**2 - 2*k + 33. Give p(-6).
-63
Let m(g) = 2*g**3 + 36*g**2 - 1518*g - 50. Give m(20).
-10
Let r(g) = 3*g**3 + 55*g**2 - 562*g + 942. Give r(-26).
6
Let h(i) = i**3 - 70*i**2 - 692*i - 622. Determine h(-1).
-1
Let m(u) = 15041*u + 195567. Calculate m(-13).
34
Let d(o) = -6377*o - 12643. What is d(-2)?
111
Let n(d) = 75880*d - 607059. What is n(8)?
-19
Let l(r) = -r**3 - 33*r**2 - 637*r - 12853. Give l(-27).
-28
Let r(y) = 1051*y + 27155. What is r(-26)?
-171
Let z(u) = 214*u - 52630. Calculate z(246).
14
Let d(p) = -6*p**3 + 35*p**2 - 202*p + 231. What is d(6)?
-1017
Let l(s) = -s**3 + 319*s**2 - 17601*s - 1738. Determine l(248).
-2
Let f(n) = 3*n**2 - 1074*n + 57816. What is f(292)?
0
Let d(j) = -2*j**2 - 758*j - 33053. What is d(-50)?
-153
Let s(h) = 111081*h + 26659446. Determine s(-240).
6
Let c(b) = 3*b**2 - 143934*b - 719749. Give c(-5).
-4
Let z(s) = s**3 + 20*s**2 + 66*s + 961. What is z(-16)?
929
Let j(p) = p**3 + 35*p**2 - 10*p + 3973. What is j(-38)?
21
Let b(y) = 7*y**3 - 69*y**2 - 2786*y + 29659. What is b(11)?
-19
Let s(f) = 2*f**2 + 125352*f - 250707. Give s(2).
5
Let s(v) = 30*v**2 + 2645*v - 7618. Determine s(-91).
117
Let l(z) = -1349*z + 9086. Calculate l(7).
-357
Let y(f) = -f**3 + 287*f**2 + 3262*f + 4154. Calculate y(298).
-614
Let p(z) = 22*z**2 + 666*z + 4936. Give p(-13).
-4
Let n(d) = 76945*d - 62710171. Determine n(815).
4
Let w(g) = -g**3 + 351*g**2 + 11835*g + 2475. Determine w(382).
-199
Let c(b) = 2*b**3 - 32*b**2 + 885*b - 14159. Give c(16).
1
Let d(p) = -11*p**2 + 697*p - 1337. Give d(2).
13
Let c(w) = 29*w**2 - 454*w + 443. Calculate c(1).
18
Let k(p) = -242*p - 990. Calculate k(-9).
1188
Let l(n) = 220*n**2 - 41*n - 4. Calculate l(1).
175
Let w(m) = -m**3 - 247*m**2 + 3147*m - 482. Determine w(12).
-14
Let r(c) = c**2 - 55*c - 1110. What is r(79)?
786
Let r(s) = -93*s - 12453. What is r(-119)?
-1386
Let o(d) = 226*d - 34106. Determine o(152).
246
Let d(z) = 234590*z - 1876769. Calculate d(8).
-49
Let w(u) = -2*u**2 + 321*u + 250272. Give w(443).
-23
Let y(i) = 14*i**2 - 2893*i - 43258. Calculate y(-14).
-12
Let l(n) = 13*n**2 + 1739*n + 1193. Calculate l(-131).
-3523
Let a(b) = b**3 + 71*b**2 + 109*b - 737. Calculate a(-70).
-3467
Let z(i) = -18300*i + 15536706. Calculate z(849).
6
Let i(r) = r**2 - 156*r + 2994. Determine i(25).
-281
Let t(y) = -4*y**2 + 5311*y + 15962. Give t(-3).
-7
Let p(o) = -o**2 - 671*o - 105880. Calculate p(-254).
38
Let s(k) = -k**3 + 90*k**2 + 130*k - 4117. What is s(91)?
-568
Let j(h) = 7*h**2 + 1344*h + 1472. Give j(-191).
135
Let b(w) = -8*w**2 - 4736*w - 23660. Calculate b(-5).
-180
Let n(x) = 50*x - 13573. Calculate n(272).
27
Let x(j) = 9*j**2 + 318*j + 1764. What is x(-7)?
-21
Let q(t) = -603*t**2 + 131*t - 130. Calculate q(1).
-602
Let o(m) = -4*m**3 + 107*m**2 + 179*m - 6732. Give o(26).
-50
Let h(g) = 650*g + 1301. Determine h(-3).
-649
Let n(s) = -187*s**2 - 80229*s - 2580. Give n(-429).
-6
Let i(r) = -3159*r + 3114. Give i(1).
-45
Let f(l) = l**2 - 29288*l + 322030. Calculate f(11).
-17
Let i(p) = -p**3 - 40*p**2 - 772*p - 3507. Give i(-6).
-99
Let g(m) = -49758*m - 6020719. What is g(-121)?
-1
Let q(r) = 561*r**2 - 51612*r - 2. Calculate q(92).
-2
Let o(r) = -4*r**3 + 51*r**2 + 124*r - 38. Determine o(4).
1018
Let r(b) = 4*b**3 + 19*b**2 - 60*b - 249. Give r(-5).
26
Let g(x) = 5*x**2 + 394*x - 2542. Determine g(6).
2
Let j(t) = t**2 + 435*t + 5880. Give j(-421).
-14
Let r(s) = -13*s**2 - 38*s - 165. Determine r(-4).
-221
Let z(b) = -215*b**2 + 301*b - 12. Give z(4).
-2248
Let p(b) = b**3 + 804*b**2 - 4094*b - 39630. Calculate p(-809).
11
Let s(p) = -55604*p + 3169420. Calculate s(57).
-8
Let d(y) = y**3 - 567*y**2 - 19175*y + 4191. Determine d(599).
-2
Let y(f) = -21829*f + 2335710. Give y(107).
7
Let s(j) = j**3 - 43*j**2 - 6571*j + 299988. What is s(47)?
-13
Let k(y) = y**3 + 11*y**2 - 521*y - 3015. Give k(-6).
291
Let z(r) = 2*r**3 + 6*r**2 + 204*r + 795. Give z(-4).
-53
Let g(q) = 11*q**3 - 29*q**2 - 111*q + 83. Give g(-5).
-1462
Let j(k) = -3*k**2 - 150*k + 4676. Calculate j(25).
-949
Let s(u) = 54*u - 911. What is s(12)?
-263
Let o(l) = -l**3 + 513*l**2 + 7352*l + 13614. Calculate o(527).
-88
Let o(b) = -1305*b + 15615. Give o(12).
-45
Let w(r) = -27*r**3 + 3907*r**2 + 1166*r - 797. What is w(145)?
73
Let q(w) = -12*w**3 - 717*w**2 - 707*w - 1. Determine q(-1).
1
Let y(r) = -9*r**2 - 73*r - 336. Determine y(-4).
-188
Let o(f) = -508651*f + 27467149. What is o(54)?
-5
Let x(u) = 3766*u + 112951. Give x(-30).
-29
Let b(x) = -79467*x - 794704. What is b(-10)?
-34
Let a(i) = 11345*i**2 + 204207*i - 57. Calculate a(-18).
-3
Let g(t) = -35*t**3 - t**2 - 2443*t + 2441. Calculate g(1).
-38
Let q(y) = y**3 + 397*y**2 + 1117*y - 25623. What is q(-394)?
-13
Let f(n) = -278*n - 24441. Calculate f(-88).
23
Let v(t) = -8*t**2 - 498*t - 995. Calculate v(-2).
-31
Let f(c) = -11395*c - 307654. Calculate f(-27).
11
Let f(k) = -k**3 - 364*k**2 + 15*k + 5462. Calculate f(-364).
2
Let g(l) = -3659667*l + 14638670. Determine g(4).
2
Let w(j) = j**3 + 42*j**2 - 338*j + 131. Determine w(-49).
-114
Let c(s) = s**3 - 16*s**2 - 121*s + 1873. What is c(16)?
-63
Let y(l) = 3213*l + 12503. Calculate y(-4).
-349
Let v(x) = x**3 + 22*x**2 + 83*x - 5. Give v(-6).
73
Let w(s) = s**3 + 176*s**2 + 2402*s - 2073. What is w(-161)?
20
Let q(k) = -k**2 - 324938*k - 1299748. What is q(-4)?
-12
Let c(h) = 9*h**3 - 15*h**2 - 42*h - 7. Determine c(3).
-25
Let u(b) = -b**2 + 6464*b - 173988. Calculate u(27).
-189
Let i(s) = -1449*s**3 - 2*s**2 - 108*s + 110. Calculate i(1).
-1449
Let o(j) = -1999*j - 171610. Give o(-86).
304
Let p(l) = -142165*l + 1848146. What is p(13)?
1
Let s(y) = 738*y + 13696. What is s(-18)?
412
Let q(s) = -s**3 + 85*s**2 + 547*s - 92. Give q(91).
-1
Let b(u) = u**3 + 151*u**2 - 8594*u - 1401817. Determine b(-142).
7
Let b(z) = 41425*z + 289922. Give b(-7).
-53
Let b(n) = -22*n**2 + 8341*n - 17714. What is b(377)?
5
Let t(a) = 115*a + 541. Calculate t(3).
886
Let q(o) = 4*o**3 - 47*